ctors of 270688?
2, 11, 769
List the prime factors of 13836583.
43, 151, 2131
List the prime factors of 94645.
5, 23, 823
List the prime factors of 32577189.
3, 10859063
What are the prime factors of 600455?
5, 120091
What are the prime factors of 996485?
5, 7, 71, 401
List the prime factors of 2140795.
5, 61, 7019
What are the prime factors of 4734159?
3, 23, 68611
What are the prime factors of 217493?
19, 11447
List the prime factors of 983897.
509, 1933
List the prime factors of 19980170.
2, 5, 7, 47, 6073
List the prime factors of 2922155.
5, 53, 11027
List the prime factors of 13174680.
2, 3, 5, 109789
What are the prime factors of 65393?
65393
List the prime factors of 304780.
2, 5, 7, 311
What are the prime factors of 15056526?
2, 3, 17, 147613
List the prime factors of 912903.
3, 304301
List the prime factors of 1309872.
2, 3, 29, 941
List the prime factors of 3330671.
31, 107441
What are the prime factors of 268287?
3, 37, 2417
List the prime factors of 381237.
3, 127079
List the prime factors of 2047872.
2, 3, 5333
What are the prime factors of 3535273?
7, 19, 1399
What are the prime factors of 322915?
5, 17, 29, 131
What are the prime factors of 488837?
163, 2999
List the prime factors of 163196.
2, 11, 3709
What are the prime factors of 1852508?
2, 7, 66161
What are the prime factors of 6523293?
3, 7, 53, 5861
What are the prime factors of 760960?
2, 5, 29, 41
What are the prime factors of 26545889?
31, 443, 1933
What are the prime factors of 4107044?
2, 1026761
List the prime factors of 1103681.
43, 25667
List the prime factors of 233644.
2, 58411
List the prime factors of 664176.
2, 3, 101, 137
What are the prime factors of 224509?
347, 647
What are the prime factors of 2355850?
2, 5, 7, 53, 127
What are the prime factors of 293506?
2, 101, 1453
What are the prime factors of 1331038?
2, 37, 17987
List the prime factors of 3945768.
2, 3, 17, 19, 509
What are the prime factors of 3541417?
11, 321947
What are the prime factors of 4624474?
2, 67, 34511
List the prime factors of 3563940.
2, 3, 5, 59399
List the prime factors of 158858.
2, 7, 1621
What are the prime factors of 1079801?
151, 7151
List the prime factors of 371320.
2, 5, 9283
List the prime factors of 17183602.
2, 29, 296269
What are the prime factors of 2448221?
17, 144013
What are the prime factors of 4763119?
31, 153649
What are the prime factors of 3988026?
2, 3, 7, 31, 1021
What are the prime factors of 359381?
11, 37, 883
List the prime factors of 366980.
2, 5, 59, 311
List the prime factors of 24795.
3, 5, 19, 29
List the prime factors of 7648363.
61, 125383
List the prime factors of 9049516.
2, 7, 46171
List the prime factors of 378354.
2, 3, 63059
List the prime factors of 1369196.
2, 342299
List the prime factors of 9248.
2, 17
List the prime factors of 12759767.
12759767
What are the prime factors of 947454?
2, 3, 19, 8311
What are the prime factors of 4677914?
2, 19, 257, 479
List the prime factors of 306415.
5, 61283
What are the prime factors of 2440588?
2, 17, 19, 1889
What are the prime factors of 114663?
3, 37, 1033
What are the prime factors of 583725?
3, 5, 43, 181
What are the prime factors of 1906970?
2, 5, 13, 14669
List the prime factors of 833326.
2, 13, 32051
What are the prime factors of 8421744?
2, 3, 175453
What are the prime factors of 11325?
3, 5, 151
What are the prime factors of 773796?
2, 3, 64483
List the prime factors of 272876.
2, 68219
List the prime factors of 515341.
179, 2879
What are the prime factors of 61927?
61927
What are the prime factors of 1942498?
2, 41, 23689
List the prime factors of 11927378.
2, 47, 223, 569
List the prime factors of 5287503.
3, 13, 10429
List the prime factors of 1472614.
2, 11, 13, 19, 271
List the prime factors of 4370.
2, 5, 19, 23
What are the prime factors of 792769?
792769
List the prime factors of 31315.
5, 6263
What are the prime factors of 41770?
2, 5, 4177
List the prime factors of 3712123.
73, 211, 241
What are the prime factors of 14809146?
2, 3, 11, 173, 1297
List the prime factors of 10334652.
2, 3, 861221
What are the prime factors of 53552?
2, 3347
What are the prime factors of 1453836?
2, 3, 97, 1249
List the prime factors of 326196.
2, 3, 13, 17, 41
What are the prime factors of 8498243?
13, 653711
List the prime factors of 1936760.
2, 5, 7, 6917
What are the prime factors of 1715168?
2, 7, 13, 19, 31
What are the prime factors of 33526407?
3, 29, 31, 401
List the prime factors of 284539.
284539
List the prime factors of 16758589.
19, 882031
List the prime factors of 1343469.
3, 447823
List the prime factors of 657747.
3, 17, 1433
What are the prime factors of 31970019?
3, 10656673
List the prime factors of 3379272.
2, 3, 13, 10831
List the prime factors of 8784519.
3, 2928173
What are the prime factors of 782371?
782371
List the prime factors of 11321.
11321
List the prime factors of 4950855.
3, 5, 7, 13, 31
List the prime factors of 8398265.
5, 1679653
List the prime factors of 2554319.
2554319
List the prime factors of 326497.
326497
List the prime factors of 3780454.
2, 1890227
What are the prime factors of 623972?
2, 47, 3319
What are the prime factors of 604008?
2, 3, 8389
List the prime factors of 9711503.
9711503
What are the prime factors of 1899462?
2, 3, 316577
What are the prime factors of 1313381?
29, 45289
What are the prime factors of 203853?
3, 13, 5227
List the prime factors of 1448756.
2, 43, 8423
What are the prime factors of 4649371?
4649371
What are the prime factors of 22156858?
2, 37, 299417
What are the prime factors of 1032437?
7, 83, 1777
List the prime factors of 159142.
2, 47, 1693
List the prime factors of 1139294.
2, 13, 29, 1511
List the prime factors of 36238.
2, 18119
List the prime factors of 13280679.
3, 31, 41, 43
List the prime factors of 8753088.
2, 3, 45589
List the prime factors of 48495.
3, 5, 53, 61
List the prime factors of 6662924.
2, 29, 71, 809
List the prime factors of 9702397.
9702397
List the prime factors of 2161563.
3, 23, 31327
What are the prime factors of 359114?
2, 7, 113, 227
What are the prime factors of 1086485?
5, 29, 59, 127
What are the prime factors of 155631?
3, 7, 7411
What are the prime factors of 22770?
2, 3, 5, 11, 23
What are the prime factors of 15561271?
11, 23, 61507
List the prime factors of 1931499.
3, 71537
List the prime factors of 2663100.
2, 3, 5, 11, 269
What are the prime factors of 68097?
3, 22699
What are the prime factors of 49004?
2, 12251
What are the prime factors of 2461044?
2, 3, 67, 3061
What are the prime factors of 7208839?
11, 227, 2887
List the prime factors of 2246703.
3, 17, 44053
List the prime factors of 674221.
29, 67, 347
List the prime factors of 3749969.
3749969
List the prime factors of 861702.
2, 3, 143617
What are the prime factors of 208057?
208057
List the prime factors of 6235872.
2, 3, 17, 3821
List the prime factors of 4335455.
5, 867091
List the prime factors of 1537587.
3, 170843
List the prime factors of 16221154.
2, 8110577
List the prime factors of 21196446.
2, 3, 3532741
List the prime factors of 11544329.
41, 271, 1039
What are the prime factors of 234959?
234959
What are the prime factors of 1821948?
2, 3, 19, 61, 131
What are the prime factors of 25131?
3, 8377
List the prime factors of 6819946.
2, 7, 167, 2917
What are the prime factors of 11572743?
3, 7, 13, 42391
What are the prime factors of 13128?
2, 3, 547
List the prime factors of 5536682.
2, 2768341
What are the prime factors of 8753827?
17, 409, 1259
List the prime factors of 13566892.
2, 1439, 2357
What are the prime factors of 44294?
2, 22147
What are the prime factors of 192194?
2, 96097
List the prime factors of 173674.
2, 86837
What are the prime factors of 107982?
2, 3, 7, 857
List the prime factors of 164794.
2, 7, 79, 149
List the prime factors of 196306.
2, 11, 8923
List the prime factors of 1894461.
3, 631487
What are the prime factors of 1380696?
2, 3, 57529
List the prime factors of 21743251.
43, 505657
List the prime factors of 1085276.
2, 181, 1499
What are the prime factors of 70909?
23, 3083
What are the prime factors of 4583723?
61, 163, 461
What are the prime factors of 1065850?
2, 5, 21317
What are the prime factors of 127138?
2, 11, 5779
List the prime factors of 177777.
3, 19753
What ar